. Give a(13).
-5
Suppose -7*d + 90 - 69 = 0. Let l(f) = -6*f**d - 11*f**3 + 1 + f**2 - 84*f + 83*f. Determine l(1).
-16
Let o(i) = -11*i + 6. Let y = 939 - 936. Calculate o(y).
-27
Let d(i) = -2*i**2 - 3*i + 5. Suppose -5 = 2*l + 3*j, 0*l + 5*j - 25 = 5*l. What is d(l)?
-15
Let p(v) = 2 + 14*v - 17*v + 5*v - 2*v**2. What is p(3)?
-10
Let w be (-2)/11 + 240/110. Let r(l) = -5*l**2 + 44*l - 17*l - 12*l - 12*l. Determine r(w).
-14
Let f(x) = 5*x - 5. Let v(c) = -56*c - 106. Let n be v(-2). What is f(n)?
25
Let r(v) be the third derivative of v**5/60 + v**4/12 - 5*v**3/6 - 355*v**2. Let a(g) = g**3 + 2*g**2 + 3*g + 2. Let k be a(-2). Give r(k).
3
Let t(w) be the first derivative of -w**4/4 + 5*w**3/3 + w**2/2 - 5*w + 58. Give t(5).
0
Let z(g) = 6*g**3 - g**2 + g + 1. Let q be -14 + 5 + (-3 - -1). Let u be 20/6 - q/(-33). Suppose 0 = -2*a + p - 2, 5 = -u*a - 5*p + 2. Give z(a).
-7
Let b = 137 + -146. Let x(r) = r**3 + 8*r**2 - 8*r + 9. Determine x(b).
0
Let u(f) = 2 + 22*f + 5*f - 23*f + 2*f**2 - 3. Let c = -2 + -6. Let d be c/12 - (-7)/(-3). Give u(d).
5
Let k(g) = -2*g - 4. Suppose u = 5*x - 2, 0 = 4*u - 0*u - 3*x + 8. Let c be 0/(u*(-2)/(-4)). Suppose c*b - b + 4*j - 13 = 0, -5*b = -5*j + 5. Give k(b).
-10
Let y(d) be the second derivative of d**6/720 - d**5/120 + 17*d**4/6 - 15*d. Let o(w) be the third derivative of y(w). Give o(2).
1
Let q(s) = -28*s + 3. Suppose c - 4*c = 9, -20 = -4*v + 4*c. Determine q(v).
-53
Let n be 1/(-5) - 13/((-260)/(-36)). Let c(r) = -4*r - 5. Give c(n).
3
Let k = -8 - -7. Let j(t) = -t**2 + 1. Let g(s) = -s - 1. Let x(q) = -g(q) - j(q). Give x(k).
0
Suppose -185 = -8*c + 7. Suppose -60*k + c = -57*k. Let d(p) = p - 4. Calculate d(k).
4
Let a(q) = q - 553 - q**2 - 10*q - 3*q + 546. Calculate a(-8).
25
Let w(q) = -q. Suppose 2*o = 6*o - 12. Calculate w(o).
-3
Let b(f) = -f**3 + 6*f**2 + 2*f - 3. Suppose 0 = -2*n - 0*n + 6. Determine b(n).
30
Let n(z) = -z**3 + 5*z**2 - 5*z + 6. Let r(u) = u**2 - 4*u - 7. Let y be r(5). Let i be y + 4 - (-1 + -1). Calculate n(i).
2
Let h(t) = t - 5. Suppose 5*p - 5 = -0, -5*p + 29 = 4*v. Suppose v*z + 12*z = 2*z. What is h(z)?
-5
Let u(s) = s - 2. Let a(j) be the third derivative of -j**4/24 + j**3/6 - 10*j**2. Let l(g) = -2*a(g) - 3*u(g). Determine l(2).
2
Let g(o) be the third derivative of o**6/45 - o**4/24 - 11*o**3/6 + 6*o**2. Let d(u) be the first derivative of g(u). Give d(-1).
7
Let t(m) = -156*m**3 - 161*m**3 + 10*m**2 - m + 6*m**2 + 11 - 163*m**3 + 479*m**3. Calculate t(16).
-5
Let h(f) = 12*f**2 - 16*f - 1. Let v(g) = -33*g**2 + 45*g + 3. Let a(u) = -17*h(u) - 6*v(u). Determine a(1).
-5
Let p(g) = -g**3 - g**2 + 4*g. Let l(d) = -d - 10. Let z be l(-14). Suppose -z*b + 2*x = -10, -2*x = -2*b + 2*x + 8. Suppose 0 = b*o + 3 + 3. Give p(o).
6
Let y(w) = 2*w**2 - 2*w - 1. Let g = -810 + 812. Give y(g).
3
Let r(c) = c**3 - 3*c**2 - 4*c - 4. Let d be r(4). Let x = -7 - d. Let l(v) = -v**2 - 4*v - 3. Give l(x).
0
Suppose -5*n + 12 = -2*n. Suppose 4*u = -3*y + 7, -4 - 5 = -5*y - n*u. Suppose -2*k + s - y = 0, 1 + 4 = -s. Let j(g) = -2*g**2 + 4. Determine j(k).
-14
Let c(x) be the third derivative of x**4/12 - x**3/3 - x**2. Let d be c(2). Let z(a) = -d + 18*a - 10*a - 9*a. Determine z(-2).
0
Suppose 5*b = d - 9, 2*d + 3*b = -8 - 13. Let n = 11 + -9. Let c(y) = 0*y - n*y - 332 + 325. What is c(d)?
5
Let a(y) = 3 - 3*y + 2*y**2 - 2 + 4*y**2 - 4*y**2. Let u(f) be the third derivative of -f**5/60 - 7*f**4/24 - 7*f**3/6 - 5*f**2. Let k be u(-5). Give a(k).
10
Let q be 5/5 + (1 - -1). Suppose 5*o - 26 = -1. Let d(f) = 7*f - 3*f - q*f + o*f. Give d(1).
6
Let f(k) = -2*k - 4. Suppose -5*x - 45 = 2*o, 5*o + 0*o + 2*x + 60 = 0. What is f(o)?
16
Let r(m) = 16*m + 8*m + 4 + 0*m - 3. Give r(-1).
-23
Let n be (-4)/2*(3 + -9 + 5). Let d(g) = 8 - 1 - n - g - 1. What is d(9)?
-5
Suppose -5*h + 29 = 2*j, -j = 3*h - 5*j - 7. Let w(v) = -v**2 + v. Let n(r) = -r + 1. Let u(q) = h*n(q) - w(q). Calculate u(4).
-3
Let o(h) be the third derivative of h**6/120 - h**5/12 - 5*h**4/24 + h**3/2 + 58*h**2. What is o(5)?
-22
Let a(o) be the third derivative of 0 + 1/24*o**4 + 0*o - 14*o**2 + 1/3*o**3. Suppose 4*j = 5*j + 4. What is a(j)?
-2
Let w(n) = -5*n**2 - 1. Let t(q) = q - 4. Let s be t(3). Let a be 30/(-3) + (s - -2). Let l(k) = -k - 10. Let b be l(a). Calculate w(b).
-6
Let c(j) be the second derivative of j**5/20 + j**4/2 + j**3/2 + 2*j**2 - 398*j. Give c(-5).
14
Let y(n) = 18*n**3 + 4*n**2 + 6*n - 7. Let s(f) = -29*f**3 - 6*f**2 - 9*f + 11. Let k(g) = 5*s(g) + 8*y(g). What is k(-2)?
9
Suppose -q = 1 + 5. Let n(g) = -g + 6. Let p be n(13). Let j(c) = c - 19. Let m(d) = 9. Let w(u) = p*m(u) - 3*j(u). What is w(q)?
12
Let z(f) = -10*f - 410. Let y be z(-41). Let g(o) = o**3 - o**2 - o + 2. Give g(y).
2
Suppose p + 153 = -5*w, 3*p + 2*p - 165 = 5*w. Let b = w - -34. Let i(n) = n**3 - n**2 - 3*n - 1. Calculate i(b).
8
Let s(u) = -2. Let x(h) = -h**2 - 4*h + 2. Let r(p) = 2*s(p) - x(p). Calculate r(4).
26
Let s(a) = 3*a**2 + 41*a - 64. Let w be s(-15). Let v(q) = 4*q + 10. What is v(w)?
-6
Suppose 3*r = 22 - 4. Let a(n) = -n**2 - 10*n + 7. Suppose 1 = -d + 6. Let b(k) = -3*k**2 - 21*k + 15. Let v(j) = d*a(j) - 2*b(j). Determine v(r).
-7
Suppose 0 = -4*a - 16, -4*b + 5*a = -0*b - 36. Suppose 2*k - 40 = -b*d, -3*d + 5*k - 3 = -7. Let w be (-2 - 15/(-6))*d. Let s(t) = t**2 - t + 3. What is s(w)?
15
Let z(v) = v - 8. Let s be z(10). Suppose s = 5*i + 12. Let x(t) = 4 + t**2 - 7 + 0*t**2 + 2*t**3 - 4*t. Calculate x(i).
-7
Let s = -16 + 16. Let o = 7 - 4. Let p(n) = 4 + 3*n**o - 3*n**3 + n**2 - n**3 - 3. Determine p(s).
1
Suppose -k + 0*k - k = 0. Let o(c) = 4*c + 4*c**3 - 6 + c**3 + k*c + 7*c**2 - 4*c**3. Let p = 10 + -16. Calculate o(p).
6
Let p(i) = -8*i**3 - 4*i**2 + 34*i + 23. Let f(z) = -3*z**3 - z**2 + 12*z + 8. Let j(y) = -11*f(y) + 4*p(y). Let g = 5 - 1. Suppose 4*b - g = 3*b. What is j(b)?
4
Let g(b) = 7*b**3 - b**2 + 2*b + 3. Suppose -146*h - 21 = -125*h. Give g(h).
-7
Let h(o) = -o**2 - 7*o + 56. Let r be h(-12). Let c(g) = -g + 8*g**2 - 7*g**2 + 4 + 6*g. Determine c(r).
0
Let a(y) = 7*y + 3 + 10*y - 33*y + 18*y. Calculate a(-3).
-3
Let l be ((-2)/5)/((-604)/755). Let r(c) be the third derivative of -1/24*c**4 + 0*c + 6*c**2 + 0 - l*c**3. Give r(-3).
0
Let g(f) = -f**3 - 6*f**2 + 2*f + 9. Suppose -2*q - 12 = -0*q - 4*t, -3*t = -q - 10. Suppose q*c + c = 9. Suppose 0*l - 18 = c*l. Give g(l).
-3
Let k(m) be the third derivative of 0 + 2/3*m**3 - 1/60*m**5 + m**2 + 0*m - 1/4*m**4. Suppose -15 = 3*a - 0*a. Give k(a).
9
Let g(u) = -4*u**2 - 2*u - 3. Let v(i) = 5*i**2 - 2*i - 2. Let o be v(-1). Let y = o + -7. Give g(y).
-15
Let i(h) be the third derivative of -h**7/840 + h**6/90 + h**5/120 - 3*h**3/2 - 2*h**2. Let o(g) be the first derivative of i(g). What is o(4)?
4
Let o(l) = l**2 - 2*l - l - l - 1. Suppose -4*d = -4*c - 8, 3*c - 2 - 4 = 0. Give o(d).
-1
Let j(x) be the first derivative of -9 + x - 1/2*x**2. What is j(-3)?
4
Let o = -5 + -1. Let p be o/(-3) + (0 - -1). Let z(f) = -f**2 + 6*f - 3. Let m(j) = -2*j**2 + 13*j - 7. Let c(b) = 6*m(b) - 13*z(b). Calculate c(p).
6
Let h(m) = -m**2 + m - 1. Let b(o) = 5*o**2 - 12*o + 5. Let y(p) = -b(p) - 6*h(p). Let f = -106 - -100. Let v be (40/15)/(f/9). Calculate y(v).
-7
Let r(a) = -a - 6. Let v be r(-9). Let s = 28 - 19. Let o(p) = 2 + s*p**2 - p**3 - 5*p + 1 - 4*p**2. Calculate o(v).
6
Let m(x) = x**3 + 8*x**2 - 167*x + 3*x**2 - 12 + 84*x + 73*x. Give m(-12).
-36
Let t(k) = 27*k - 2. Let d be t(1). Let b = d + -27. Let u(x) = -x**2 - 4*x - 3. Determine u(b).
1
Let k(w) = 1 - 6*w + 6*w - 2 + w. Let f(i) = -2*i**2 + 8*i - 3. Let z be f(3). Suppose 0 = -z*q + y - 4, 3*q + 5*y - 11 = 9. Calculate k(q).
-1
Let t(r) = -r**3 - 5*r**2 + 11*r - 17. Let d be t(-7). Let b(c) = c**3 - 3*c**2 + 6*c - 4. What is b(d)?
36
Let h(x) = 13*x - 261. Let a be h(20). Let t(f) = -15*f - 2. Determine t(a).
13
Let j(p) = -p**3 - 8*p**2 + p + 15. Suppose -289*q + 80 = -299*q. Determine j(q).
7
Let f(a) = 24 + 14*a - 43*a + 2*a**2 + 10*a - 3*a**2. Give f(-20).
4
Let z(a) = -7*a + 16. Let v(q) = -6*q + 15. Let j(c) = -6*v(c) + 5*z(c). Let d be j(14). Let u(o) = 2*o**2 - 6*o + 3. Give u(d).
11
Let q(t) = -t + t + t + 0. Suppose 0 = -3*w + w + 102. Let u = 48 - w. What is q(u)?
-3
Let